Let u = 15 + y. Suppose 0*i + 2*i - 22 = -k, -4*k = -u*i - 88. What are the prime factors of k?
2, 11
Suppose -2*t + 5 = 3*t + 5*p, t = p + 3. Suppose 0 = t*w - 8 - 8. What are the prime factors of 2/w + (-268)/(-16)?
17
Let w = 841 - 63. List the prime factors of w.
2, 389
Let k = -190 - -368. Suppose 0 = -4*n + 5*i + 229, n = -2*n + 5*i + k. What are the prime factors of n?
3, 17
Let j(q) = q**3 + 5*q**2 + 2*q. Let d be j(-4). Let m = d - 6. Suppose m*g - 11 = -c + 18, 2*c - g = 43. What are the prime factors of c?
23
Suppose -865 = -7*i - 32. What are the prime factors of i?
7, 17
What are the prime factors of (-185636)/(-34) - -12*(-16)/(-1632)?
2, 3, 5, 7, 13
Suppose -893 - 643 = -4*r. List the prime factors of r.
2, 3
Let z(m) = m**3 + m**2 + m + 1. Let c(s) = -s**3 - s**2 - s. Let u(i) = c(i) + 2*z(i). Let v be u(0). Suppose 4 = v*r - 48. What are the prime factors of r?
2, 13
Let a be 10/(-4)*48/(-40). Suppose 0 = -3*j + 3, 3*f - a*j = f + 43. List the prime factors of f.
23
Let u = -2 - -2. Suppose -1 + u = g. List the prime factors of 29 - (2/(-2))/g.
2, 7
Let o(u) = -9*u - 2. Let v be o(6). Let z(g) = 4*g**3 - 4*g**2 + 3*g. Let w be z(3). Let n = v + w. What are the prime factors of n?
5
Let d(b) = -b**3 + 9*b**2 - b + 8. Let w be d(4). Suppose -159 = -2*c + 3*k + 2*k, 0 = c - k - w. List the prime factors of c.
3, 29
Let b = 3251 - 1948. What are the prime factors of b?
1303
Let m be ((-13)/(-4) - 1)*96/18. Let d = 139 - m. List the prime factors of d.
127
Suppose -6*h = 178 - 1210. Suppose -j = j - h. List the prime factors of (j/3)/(8/12).
43
Let q be -81*(0 + -4 + 1). Suppose 21*w = 24*w - q. List the prime factors of w.
3
Suppose 28*j = 30*j - 22. Suppose j*b - 7*b = 284. List the prime factors of b.
71
Let k be (-5)/(-15)*(28 - -2). Suppose -4*l + k = -2*l. Let g(j) = -j**3 + 4*j**2 + 9*j + 3. What are the prime factors of g(l)?
23
Suppose 0 = 6*d + 9 - 81. Let p(w) = -9*w. Let s be p(-3). Let q = s - d. What are the prime factors of q?
3, 5
Suppose -y + 75 = -102. Suppose 7*z - 248 = -4*n + 5*z, 3*z + y = 3*n. What are the prime factors of n?
61
Suppose 0 = d - 2*q - 1099, -4*d = -5*d + 5*q + 1102. What are the prime factors of d?
1097
Suppose -2*b + 115 = 3*n - 3*b, 90 = 2*n - 4*b. What are the prime factors of n/3 + 2/3?
13
Let o(m) = -m**2 - 2*m + 13. Let q be o(0). Let c = 5 - 6. What are the prime factors of 14/(-7) + c + q?
2, 5
List the prime factors of 6/4 + ((-11305)/2)/(-7).
809
List the prime factors of (22 - -1)/((-4)/(-8)).
2, 23
Let c(k) = 102*k**2 + 135*k - 9. What are the prime factors of c(-4)?
3, 19
Suppose 0 = 2*h - 6 + 2, 0 = -2*f + 4*h + 76. Let r be 14/8 + (-3)/(-12). Suppose -r*n = n - f. What are the prime factors of n?
2, 7
Suppose -4*f = 12*w - 7*w - 1593, -4*f = 3*w - 951. What are the prime factors of w?
3, 107
Let b(i) = -602*i - 31. What are the prime factors of b(-6)?
3581
Suppose 0 = -3*h + 4*u + 30 + 140, -h + 2*u + 60 = 0. List the prime factors of h.
2, 5
Let a = 838 + 554. List the prime factors of a.
2, 3, 29
Let r = -479 + 857. Suppose -r = -2*q - 5*z, 3*z = 5*q + 5*z - 945. List the prime factors of q.
3, 7
Suppose -2*f + 1 = 3. Let l(r) = 6*r**2 + 2*r + 1. Let i be l(f). What are the prime factors of 0 + 1 + -3 + i?
3
Let b be (2 - (-9)/(-6))*0. Let k be (-34 - (0 + 2)) + b. List the prime factors of (-102)/k - 2/(-12).
3
Suppose 18 + 70 = 2*q. Suppose 12*z + q = 16*z. Let y = z + -4. What are the prime factors of y?
7
Suppose 13*o = -3*f + 17*o - 16, 4*o = 4*f + 16. What are the prime factors of 49 + 2 + -6 - f?
3, 5
Let g = 13 + -13. Suppose s + s = g. Suppose s = -4*z - 34 + 174. What are the prime factors of z?
5, 7
Let j be ((-4)/6)/(((-8)/(-9))/(-4)). Suppose -j*i + 197 = -70. What are the prime factors of i?
89
Suppose -652 = -2*y + 1060. What are the prime factors of y?
2, 107
Let l(m) = 48*m - 553. What are the prime factors of l(13)?
71
Let j(z) = -z**3. Suppose 5*k = 5*c - 4 - 6, 0 = -4*k - 12. Let v be j(c). Let t(x) = 33*x**2 - 1. What are the prime factors of t(v)?
2
Let s(t) = t**2. Let d(h) = 23*h**2 - h + 1. Let u(r) = d(r) - 4*s(r). List the prime factors of u(1).
19
Suppose -456*r + 464*r = 22496. What are the prime factors of r?
2, 19, 37
Let f = -963 - -1405. List the prime factors of f.
2, 13, 17
Let l(n) = n**3 - 8*n**2 + n - 5. Let o(d) = -10*d - 2. Let p be o(-1). Let m be l(p). Suppose 3*h = m*y - 2*h - 88, y = 3*h + 24. List the prime factors of y.
2, 3
Let k(z) = 5*z**2 - 45*z + 91. List the prime factors of k(20).
3, 397
Let c(q) = q. Let h be c(-1). Let a = 117 - h. List the prime factors of a.
2, 59
Let b = 40 - 66. Let w = b + 48. Suppose -2*t - 43 = -3*g, 3*t + w = 5*g - 49. List the prime factors of g.
13
Let v(l) = 2*l - 6. Let o be v(3). Suppose 6*f - f - 150 = o. Suppose 2*h - f - 36 = 0. List the prime factors of h.
3, 11
What are the prime factors of -18*(148/18)/(24/(-36))?
2, 3, 37
Suppose 0 = 246*r - 253*r + 22337. List the prime factors of r.
3191
Let l(f) = -f + 1 + 10 + 1. List the prime factors of l(-10).
2, 11
Let f = -5 - -5. Let b be -2*(f - 268/8). Suppose -3*n + 2*c + 43 = 0, 10*n - 5*n - c = b. What are the prime factors of n?
13
Let o = -32 - -69. Suppose -15 = -o*q + 32*q. Suppose 4*l - 77 = -q*l. What are the prime factors of l?
11
Suppose -32 = -0*m - 8*m. Suppose -m = 2*u - 16. List the prime factors of u.
2, 3
Let d(o) be the first derivative of o**4/4 - 5*o**3 - 4*o**2 + 19*o + 6. List the prime factors of d(16).
3, 7
Suppose -6 = -l - 3*l - j, l = 5*j + 12. Suppose 114 = 2*m - 4*r, 0*r + 108 = l*m - r. What are the prime factors of m?
53
Suppose 612*m - 15534 = 606*m. List the prime factors of m.
3, 863
Let j(p) = -242*p**3 + 2*p**2 + 4*p + 5. Let z be j(-2). List the prime factors of z/7 + 3 + (-115)/35.
277
Suppose 4*v - 6*v + 4 = 0. Suppose -4*i = 3*y - 146, v*y + 72 = 2*i + 4*y. List the prime factors of i.
2, 19
Let g be 2/2 - (3 + (-2 - 3)). Suppose 0*i - 5*u = -5*i + 60, -g*u = 3*i - 48. What are the prime factors of i?
2, 7
Suppose -5*j + 0*j = 3*p + 20, -4 = -2*p + j. Suppose p + 7 = k. Suppose f = 11 + k. List the prime factors of f.
2, 3
Suppose -6*f = -87*f + 45846. What are the prime factors of f?
2, 283
Let u be (1 + -2)/((-3)/15). Suppose -3 = -5*a + 7, u*d - 30 = -5*a. Suppose 14 + 14 = d*q + 2*m, 4*q - 28 = 3*m. List the prime factors of q.
7
Let f = 132 - 78. Suppose -2 = -h - 0*h. Suppose -h*c + f = -0*c. What are the prime factors of c?
3
Let f = -130 - -470. What are the prime factors of f?
2, 5, 17
Let r(l) = l**3 + l**2 - l. Let i(x) = -3*x**3 - 6*x**2 + 13*x + 14. Let u(j) = i(j) + 2*r(j). List the prime factors of u(-6).
2, 5
Let p = 30 + -56. Let o = p + 44. What are the prime factors of o?
2, 3
Suppose -21*o + 55*o - 122570 = 0. What are the prime factors of o?
5, 7, 103
Suppose -75 = -4*r - 63. Suppose 4*y - 2*z + 29 - 275 = 0, -r*y + 178 = 5*z. What are the prime factors of y?
61
Let v(x) = -7*x - 12. Let t be v(-7). Let b = t + 16. List the prime factors of b.
53
Suppose 0 = 82*w - 138*w + 79912. List the prime factors of w.
1427
Let n(s) = 109*s + 212. What are the prime factors of n(13)?
3, 181
Let c be (120/36)/(2/3). Suppose -5 = 5*b, -c*w + 125 = -w - 5*b. Suppose -y = x - w, -x + 0*y = 4*y - 24. List the prime factors of x.
2
Let i = 6714 + -1602. List the prime factors of i.
2, 3, 71
Let p = -255 + 480. What are the prime factors of p?
3, 5
Let b(o) = o**3 - 2*o**2 - o. Let g be b(-1). Let k be (-5 - -3 - g)/1. Suppose k*m - 75 = -5*m. What are the prime factors of m?
3, 5
Let v(z) = 608*z + 17. List the prime factors of v(1).
5
What are the prime factors of 2 + 1238/(-8)*(-1 + -11)?
11, 13
Suppose 16*a - 1588 = 12*a. What are the prime factors of a?
397
Suppose 3*o = 4*o. Suppose 0*d - 11 = -2*d + 3*a, o = 2*d + 2*a + 14. List the prime factors of 27 - -4 - (d - -1).
2
List the prime factors of (-10)/4*160/240*-3435.
5, 229
Let q = -54 - -56. Suppose 8 = -q*l + 280. What are the prime factors of l?
2, 17
Let i = 1618 - 713. What are the prime factors of i?
5, 181
Suppose -3*o = -13976 - 727. What are the prime factors of o?
13, 29
Let p(o) = -30*o + 17. Let s(n) = n**3 + n**2. Let h be s(-2). What are the prime factors of p(h)?
137
Let g be 2 - (3 - 3) - -1. Suppose -g*y = -12, i - 4*y